{"id":64,"date":"2017-03-02T16:21:15","date_gmt":"2017-03-02T15:21:15","guid":{"rendered":"http:\/\/fginfo.be\/?page_id=64"},"modified":"2018-02-25T13:28:02","modified_gmt":"2018-02-25T12:28:02","slug":"securite","status":"publish","type":"page","link":"https:\/\/fginfo.be\/index.php\/securite\/","title":{"rendered":"S\u00e9curit\u00e9"},"content":{"rendered":"<p>Pensez \u00e0 bien mettre\u00a0en place des solutions de s\u00e9curit\u00e9. Perdre vos donn\u00e9es (professionnels ou priv\u00e9es) peut \u00eatre un drame. Sans compter les risques de piratages de vos comptes.<\/p>\n<h2>Solutions Anti-Virus ESET NOD32 &#8211;\u00a0Partenaire Officiel<img loading=\"lazy\" decoding=\"async\" class=\"wp-image-285 alignright\" src=\"https:\/\/fginfo.be\/wp-content\/uploads\/2017\/03\/robot_banniere-300x164.png\" alt=\"\" width=\"200\" height=\"110\" srcset=\"https:\/\/fginfo.be\/wp-content\/uploads\/2017\/03\/robot_banniere-300x164.png 300w, https:\/\/fginfo.be\/wp-content\/uploads\/2017\/03\/robot_banniere.png 640w\" sizes=\"auto, (max-width: 200px) 100vw, 200px\" \/><\/h2>\n<p>N&rsquo;h\u00e9sitez pas \u00e0 me contacter pour profiter du meilleur antivirus sur le march\u00e9 !<\/p>\n<p>Plus d&rsquo;informations <a href=\"https:\/\/fginfo.be\/index.php\/produits-eset-nod32\/\">ICI<\/a><\/p>\n<h2><img loading=\"lazy\" decoding=\"async\" class=\"alignnone size-medium wp-image-305\" src=\"https:\/\/fginfo.be\/wp-content\/uploads\/2017\/03\/sans-titre-300x68.png\" alt=\"\" width=\"300\" height=\"68\" srcset=\"https:\/\/fginfo.be\/wp-content\/uploads\/2017\/03\/sans-titre-300x68.png 300w, https:\/\/fginfo.be\/wp-content\/uploads\/2017\/03\/sans-titre-768x173.png 768w, https:\/\/fginfo.be\/wp-content\/uploads\/2017\/03\/sans-titre-1024x231.png 1024w, https:\/\/fginfo.be\/wp-content\/uploads\/2017\/03\/sans-titre.png 2002w\" sizes=\"auto, (max-width: 300px) 100vw, 300px\" \/><\/h2>\n<h2>Mise en place de solution de sauvegarde<\/h2>\n<p>Je peux vous aider \u00e0 s\u00e9curiser vos donn\u00e9es localement (synology, hdd externe, ..) et sur le cloud (serveurs externes) , &#8230; Rien n&rsquo;est plus emb\u00eatant que de perdre ses photos, ses donn\u00e9es, ses r\u00e9sultats sportifs, &#8230;<\/p>\n<p>Votre disque dur n&rsquo;est pas \u00e0 l&rsquo;abris de d\u00e9faillances ! . M\u00eame si je peux vous aider \u00e0 r\u00e9cup\u00e9rer des donn\u00e9es perdues, parfois il n&rsquo;y a plus rien \u00e0 faire !<\/p>\n<p>Un simple conseil tr\u00e8s simple et gratuit : ne placez jamais vos donn\u00e9es \u00e0 seul endroit ! Ce simple conseil peut d\u00e9j\u00e0 vous sauver la mise !<\/p>\n<p>Je peux \u00e9galement vous aider dans l&rsquo;impl\u00e9mentation de vraie solutions de sauvegarde.\u00a0Un vrai backup vous permet de restaurer vos fichiers dans l&rsquo;\u00e9tat\u00a0 qu&rsquo;ils se trouvaient il y a 1 jour, 1 semaine, 1 mois. Seule solution s\u00fbr en cas de cryptolocker&#8230;<\/p>\n<p>&nbsp;<\/p>\n","protected":false},"excerpt":{"rendered":"<p>Pensez \u00e0 bien mettre\u00a0en place des solutions de s\u00e9curit\u00e9. Perdre vos donn\u00e9es (professionnels ou priv\u00e9es) peut \u00eatre un drame. Sans compter les risques de piratages de vos comptes. Solutions Anti-Virus ESET NOD32 &#8211;\u00a0Partenaire Officiel N&rsquo;h\u00e9sitez pas \u00e0 me contacter pour profiter du meilleur antivirus sur le march\u00e9 ! Plus d&rsquo;informations ICI Mise en place de [&hellip;]<\/p>\n","protected":false},"author":1,"featured_media":285,"parent":0,"menu_order":0,"comment_status":"closed","ping_status":"closed","template":"","meta":{"footnotes":""},"class_list":["post-64","page","type-page","status-publish","has-post-thumbnail","czr-hentry"],"_links":{"self":[{"href":"https:\/\/fginfo.be\/index.php\/wp-json\/wp\/v2\/pages\/64","targetHints":{"allow":["GET"]}}],"collection":[{"href":"https:\/\/fginfo.be\/index.php\/wp-json\/wp\/v2\/pages"}],"about":[{"href":"https:\/\/fginfo.be\/index.php\/wp-json\/wp\/v2\/types\/page"}],"author":[{"embeddable":true,"href":"https:\/\/fginfo.be\/index.php\/wp-json\/wp\/v2\/users\/1"}],"replies":[{"embeddable":true,"href":"https:\/\/fginfo.be\/index.php\/wp-json\/wp\/v2\/comments?post=64"}],"version-history":[{"count":16,"href":"https:\/\/fginfo.be\/index.php\/wp-json\/wp\/v2\/pages\/64\/revisions"}],"predecessor-version":[{"id":328,"href":"https:\/\/fginfo.be\/index.php\/wp-json\/wp\/v2\/pages\/64\/revisions\/328"}],"wp:featuredmedia":[{"embeddable":true,"href":"https:\/\/fginfo.be\/index.php\/wp-json\/wp\/v2\/media\/285"}],"wp:attachment":[{"href":"https:\/\/fginfo.be\/index.php\/wp-json\/wp\/v2\/media?parent=64"}],"curies":[{"name":"wp","href":"https:\/\/api.w.org\/{rel}","templated":true}]}}