{"id":37,"date":"2017-03-02T15:37:41","date_gmt":"2017-03-02T14:37:41","guid":{"rendered":"http:\/\/fginfo.be\/?page_id=37"},"modified":"2017-03-06T21:12:52","modified_gmt":"2017-03-06T20:12:52","slug":"consultance","status":"publish","type":"page","link":"https:\/\/fginfo.be\/index.php\/consultance\/","title":{"rendered":"Consultance"},"content":{"rendered":"<h2>Consultance informatique<\/h2>\n<p>Informaticien de m\u00e9tier depuis plus de 20 ans, je suis \u00e0 votre service pour vous conseiller dans tous vos projets informatiques.<\/p>\n<p><img loading=\"lazy\" decoding=\"async\" class=\"wp-image-177 size-medium alignleft\" src=\"https:\/\/fginfo.be\/wp-content\/uploads\/2017\/03\/rats-nest-300x225.jpg\" alt=\"\" width=\"300\" height=\"225\" srcset=\"https:\/\/fginfo.be\/wp-content\/uploads\/2017\/03\/rats-nest-300x225.jpg 300w, https:\/\/fginfo.be\/wp-content\/uploads\/2017\/03\/rats-nest.jpg 500w\" sizes=\"auto, (max-width: 300px) 100vw, 300px\" \/><\/p>\n<p>Je peux vous aider dans de nombreux domaines :<\/p>\n<p>&#8211; installation et\/ou r\u00e9novation du r\u00e9seaux informatique<\/p>\n<p>&#8211; revoir l&rsquo;organisation de votre installation : stockage sur serveur, s\u00e9curisation des acc\u00e8s et des ouvertures de session, travail collaboratif, &#8230;<\/p>\n<p>&#8211; s\u00e9curisation de vos fichiers et donn\u00e9es : solutions anti-virus, sauvegarde, &#8230;<\/p>\n<p>&#8211;\u00a0vous aider dans l&rsquo;utilisation de l&rsquo;outil informatique et des logiciels.<\/p>\n<p>&nbsp;<\/p>\n<p><em>En r\u00e9sum\u00e9 : transformer ce foutu ordinateur en un ami dont vous ne pourrez plus vous passer.<\/em><\/p>\n","protected":false},"excerpt":{"rendered":"<p>Consultance informatique Informaticien de m\u00e9tier depuis plus de 20 ans, je suis \u00e0 votre service pour vous conseiller dans tous vos projets informatiques. Je peux vous aider dans de nombreux domaines : &#8211; installation et\/ou r\u00e9novation du r\u00e9seaux informatique &#8211; revoir l&rsquo;organisation de votre installation : stockage sur serveur, s\u00e9curisation des acc\u00e8s et des ouvertures [&hellip;]<\/p>\n","protected":false},"author":1,"featured_media":0,"parent":0,"menu_order":0,"comment_status":"closed","ping_status":"closed","template":"","meta":{"footnotes":""},"class_list":["post-37","page","type-page","status-publish","czr-hentry"],"_links":{"self":[{"href":"https:\/\/fginfo.be\/index.php\/wp-json\/wp\/v2\/pages\/37","targetHints":{"allow":["GET"]}}],"collection":[{"href":"https:\/\/fginfo.be\/index.php\/wp-json\/wp\/v2\/pages"}],"about":[{"href":"https:\/\/fginfo.be\/index.php\/wp-json\/wp\/v2\/types\/page"}],"author":[{"embeddable":true,"href":"https:\/\/fginfo.be\/index.php\/wp-json\/wp\/v2\/users\/1"}],"replies":[{"embeddable":true,"href":"https:\/\/fginfo.be\/index.php\/wp-json\/wp\/v2\/comments?post=37"}],"version-history":[{"count":3,"href":"https:\/\/fginfo.be\/index.php\/wp-json\/wp\/v2\/pages\/37\/revisions"}],"predecessor-version":[{"id":180,"href":"https:\/\/fginfo.be\/index.php\/wp-json\/wp\/v2\/pages\/37\/revisions\/180"}],"wp:attachment":[{"href":"https:\/\/fginfo.be\/index.php\/wp-json\/wp\/v2\/media?parent=37"}],"curies":[{"name":"wp","href":"https:\/\/api.w.org\/{rel}","templated":true}]}}